{"id":26,"date":"2018-07-01T00:05:41","date_gmt":"2018-06-30T22:05:41","guid":{"rendered":"http:\/\/regnum-productions.com\/site\/?page_id=26"},"modified":"2018-07-01T00:05:41","modified_gmt":"2018-06-30T22:05:41","slug":"photos","status":"publish","type":"page","link":"https:\/\/regnum-productions.com\/site\/photos\/","title":{"rendered":"Photos"},"content":{"rendered":"<table>\n<tbody>\n<tr>\n<td valign=\"top\"><span style=\"color: #ff8888; font-family: Book Antiqua, Arial; font-size: x-large;\"><b>Au travail<\/b><\/span><\/td>\n<\/tr>\n<tr>\n<td bgcolor=\"white\">\n<div align=\"center\">\n<p class=\"spip\"><span class=\"spip_documents spip_documents_\"><img loading=\"lazy\" decoding=\"async\" src=\"http:\/\/www.regnum-productions.com\/IMG\/jpg\/autravail4.jpg\" alt=\"(JPG)\" width=\"386\" height=\"411\" \/><\/span><\/p>\n<p class=\"spip\"><span class=\"spip_documents spip_documents_\"><img loading=\"lazy\" decoding=\"async\" src=\"http:\/\/www.regnum-productions.com\/IMG\/jpg\/autravail.jpg\" alt=\"(JPG)\" width=\"431\" height=\"280\" \/><\/span><\/p>\n<p class=\"spip\"><span class=\"spip_documents spip_documents_\"><img loading=\"lazy\" decoding=\"async\" src=\"http:\/\/www.regnum-productions.com\/IMG\/jpg\/autravail2.jpg\" alt=\"(JPG)\" width=\"326\" height=\"377\" \/><\/span><\/p>\n<\/div>\n<p class=\"spip\">(cette rubrique sera prochainement mise \u00e0 jour) <span style=\"color: white;\">(ctte rubrique sera prochainement mise \u00e0 jour) (cette rubrique sera prochainement mise \u00e0 jour) (cette rubrique sera prochainement mise \u00e0 jour) (cette rubrique sera prochainement mise \u00e0 jour) <\/span><\/p>\n<\/td>\n<\/tr>\n<\/tbody>\n<\/table>\n<table style=\"width:100%;\">\n<tbody>\n<tr>\n<td valign=\"top\"><span style=\"color: #ff8888; font-family: Book Antiqua, Arial; font-size: x-large;\"><b>Prises d\u2019\u00e9crans<\/b><\/span><\/td>\n<\/tr>\n<tr>\n<td bgcolor=\"white\">\n<div align=\"center\"><span class=\"spip_documents spip_documents_\"><img loading=\"lazy\" decoding=\"async\" src=\"http:\/\/www.regnum-productions.com\/IMG\/jpg\/db04a.jpg\" alt=\"(JPG)\" width=\"231\" height=\"173\" \/><\/span><\/p>\n<p class=\"spip\"><i class=\"spip\">La Vie des Saints\u00a0: Saint Jean Bosco<\/i><\/p>\n<\/div>\n<p class=\"spip\">(cette rubrique sera prochainement mise \u00e0 jour)<\/p>\n<\/td>\n<\/tr>\n<\/tbody>\n<\/table>\n","protected":false},"excerpt":{"rendered":"<p>Au travail (cette rubrique sera prochainement mise \u00e0 jour) (ctte rubrique sera prochainement mise \u00e0 jour) (cette rubrique sera prochainement &hellip; <\/p>\n<p><a href=\"https:\/\/regnum-productions.com\/site\/photos\/\" class=\"more-link\">Lire la suite<\/a><\/p>\n","protected":false},"author":1,"featured_media":0,"parent":0,"menu_order":0,"comment_status":"closed","ping_status":"closed","template":"","meta":{"footnotes":""},"class_list":["post-26","page","type-page","status-publish","hentry"],"_links":{"self":[{"href":"https:\/\/regnum-productions.com\/site\/wp-json\/wp\/v2\/pages\/26","targetHints":{"allow":["GET"]}}],"collection":[{"href":"https:\/\/regnum-productions.com\/site\/wp-json\/wp\/v2\/pages"}],"about":[{"href":"https:\/\/regnum-productions.com\/site\/wp-json\/wp\/v2\/types\/page"}],"author":[{"embeddable":true,"href":"https:\/\/regnum-productions.com\/site\/wp-json\/wp\/v2\/users\/1"}],"replies":[{"embeddable":true,"href":"https:\/\/regnum-productions.com\/site\/wp-json\/wp\/v2\/comments?post=26"}],"version-history":[{"count":1,"href":"https:\/\/regnum-productions.com\/site\/wp-json\/wp\/v2\/pages\/26\/revisions"}],"predecessor-version":[{"id":27,"href":"https:\/\/regnum-productions.com\/site\/wp-json\/wp\/v2\/pages\/26\/revisions\/27"}],"wp:attachment":[{"href":"https:\/\/regnum-productions.com\/site\/wp-json\/wp\/v2\/media?parent=26"}],"curies":[{"name":"wp","href":"https:\/\/api.w.org\/{rel}","templated":true}]}}