{"id":2,"date":"2018-06-30T23:32:09","date_gmt":"2018-06-30T21:32:09","guid":{"rendered":"http:\/\/regnum-productions.com\/site\/?page_id=2"},"modified":"2018-07-01T21:24:16","modified_gmt":"2018-07-01T19:24:16","slug":"qui-sommes-nous","status":"publish","type":"page","link":"https:\/\/regnum-productions.com\/site\/qui-sommes-nous\/","title":{"rendered":"Qui sommes-nous ?"},"content":{"rendered":"<p class=\"spip\">La maison de production <i class=\"spip\">REGNUM<\/i> a officiellement \u00e9t\u00e9 lanc\u00e9e le 1er F\u00e9vrier 2012. Un premier film d\u2019animation a rapidement vu le jour.<\/p>\n<p class=\"spip\">Pour la r\u00e9alisation du film <i class=\"spip\">Saint Jean Bosco<\/i>, dans la collection <i class=\"spip\">La Vie des Saints<\/i>, nous nous sommes entour\u00e9s de nombreux fid\u00e8les de la paroisse de Namur (petite ville en Belgique) qui ont bien voulu, b\u00e9n\u00e9volement, apporter leur participation \u00e0 la r\u00e9alisation de ce premier DVD (musiques, voix, &#8230;). Merci \u00e0 toutes les bonnes \u00e2mes qui ont, d\u2019une mani\u00e8re ou d\u2019une autre, fait avancer ce projet\u00a0!<\/p>\n<div align=\"center\"><span class=\"spip_documents spip_documents_\"><img loading=\"lazy\" decoding=\"async\" src=\"http:\/\/www.regnum-productions.com\/IMG\/jpg\/autravail.jpg\" alt=\"(JPG)\" width=\"431\" height=\"280\" \/><\/span><\/div>\n<p>&nbsp;<\/p>\n<div align=\"center\">\n<table>\n<tbody>\n<tr>\n<td valign=\"top\"><span style=\"color: #ff8888; font-family: Book Antiqua, Arial; font-size: x-large;\"><b>Que signifie \u00ab\u00a0Regnum\u00a0\u00bb\u00a0?<\/b><\/span><\/td>\n<\/tr>\n<tr>\n<td bgcolor=\"white\">\n<p class=\"spip\">Ce mot signifie \u00ab\u00a0R\u00e8gne\u00a0\u00bb en latin. Dans sa pri\u00e8re quotidienne, le Chr\u00e9tien demande \u00e0 Notre Seigneur\u00a0: \u00ab\u00a0Que votre R\u00e8gne vienne\u00a0\u00bb. Notre objectif est de d\u00e9velopper des films assez accessible aux enfants, tout en les amusant, afin qu\u2019ils r\u00e9fl\u00e9chissent \u00e0 la religion et qu\u2019ils d\u00e9sirent que J\u00e9sus r\u00e8gne dans leur c\u0153ur et sur la soci\u00e9t\u00e9. Nous esp\u00e9rons donc faire un travail apostolique avant toute chose. Nous souhaitons que nos productions, avec l\u2019aide de Dieu, aillent totalement \u00e0 contre-courant du lib\u00e9ralisme ambiant pour ne proposer qu\u2019une seule voie\u00a0: celle de Notre Seigneur.<\/p>\n<\/td>\n<\/tr>\n<\/tbody>\n<\/table>\n<\/div>\n<table>\n<tbody>\n<tr>\n<td valign=\"top\"><span style=\"color: #ff8888; font-family: Book Antiqua, Arial; font-size: x-large;\"><b>D\u2019o\u00f9 vient l\u2019id\u00e9e d\u2019une maison de production de films Catholiques\u00a0?<\/b><\/span><\/td>\n<\/tr>\n<tr>\n<td bgcolor=\"white\">\n<p class=\"spip\">Apr\u00e8s avoir entam\u00e9 des \u00e9tudes touchant \u00e0 la production cin\u00e9matographique (\u00e9poque de conversion), nous avons fatalement r\u00e9alis\u00e9 que ce secteur \u00e9tait totalement haineux de la religion, tant au niveau des grandes que des petites productions (sauf exceptions rares mais bien souvent pour des int\u00e9r\u00eats commerciaux, et encore, la doctrine est syst\u00e9matiquement corrompue &#8230;). Bref, un revirement \u00e0 180\u00b0 s\u2019est op\u00e9r\u00e9 &#8230;<\/p>\n<div align=\"center\"><span class=\"spip_documents spip_documents_\"><img loading=\"lazy\" decoding=\"async\" src=\"http:\/\/regnum-productions.com\/IMG\/jpg\/sacre_coeur.jpg\" alt=\"(JPG)\" width=\"448\" height=\"357\" \/><\/span><\/div>\n<p class=\"spip\">Le lancement de <i class=\"spip\">REGNUM<\/i> est une r\u00e9action modeste contre tout le poison audiovisuel ambiant &#8230;<\/p>\n<p class=\"spip\">D\u2019autre part, il ne reste plus beaucoup de productions chr\u00e9tiennes accessibles pour nos charmantes t\u00eates blondes &#8230;<\/p>\n<p class=\"spip\">Notre entreprise proposera dans son catalogue, au fil du temps, des produits respectant int\u00e9gralement la Sainte Doctrine de la Foi. Si notre collection sur la <i class=\"spip\">Vie des Saints<\/i> aura bel et bien une valeur historique, nous esp\u00e9rons avant tout travailler sur des produits vou\u00e9s \u00e0 \u00e9difier les \u00e2mes.<\/p>\n<p class=\"spip\">In Christo,<\/p>\n<p class=\"spip\">Jean-Michel Irsch (Les Productions <i class=\"spip\">Regnum<\/i>)<\/p>\n<\/td>\n<\/tr>\n<\/tbody>\n<\/table>\n","protected":false},"excerpt":{"rendered":"<p>La maison de production REGNUM a officiellement \u00e9t\u00e9 lanc\u00e9e le 1er F\u00e9vrier 2012. Un premier film d\u2019animation a rapidement vu &hellip; <\/p>\n<p><a href=\"https:\/\/regnum-productions.com\/site\/qui-sommes-nous\/\" class=\"more-link\">Lire la suite<\/a><\/p>\n","protected":false},"author":1,"featured_media":0,"parent":0,"menu_order":0,"comment_status":"closed","ping_status":"open","template":"","meta":{"footnotes":""},"class_list":["post-2","page","type-page","status-publish","hentry"],"_links":{"self":[{"href":"https:\/\/regnum-productions.com\/site\/wp-json\/wp\/v2\/pages\/2","targetHints":{"allow":["GET"]}}],"collection":[{"href":"https:\/\/regnum-productions.com\/site\/wp-json\/wp\/v2\/pages"}],"about":[{"href":"https:\/\/regnum-productions.com\/site\/wp-json\/wp\/v2\/types\/page"}],"author":[{"embeddable":true,"href":"https:\/\/regnum-productions.com\/site\/wp-json\/wp\/v2\/users\/1"}],"replies":[{"embeddable":true,"href":"https:\/\/regnum-productions.com\/site\/wp-json\/wp\/v2\/comments?post=2"}],"version-history":[{"count":13,"href":"https:\/\/regnum-productions.com\/site\/wp-json\/wp\/v2\/pages\/2\/revisions"}],"predecessor-version":[{"id":84,"href":"https:\/\/regnum-productions.com\/site\/wp-json\/wp\/v2\/pages\/2\/revisions\/84"}],"wp:attachment":[{"href":"https:\/\/regnum-productions.com\/site\/wp-json\/wp\/v2\/media?parent=2"}],"curies":[{"name":"wp","href":"https:\/\/api.w.org\/{rel}","templated":true}]}}

<p class="spip">La maison de production <i class="spip">REGNUM</i> a officiellement été lancée le 1er Février 2012. Un premier film d’animation a rapidement vu le jour.</p>
<p class="spip">Pour la réalisation du film <i class="spip">Saint Jean Bosco</i>, dans la collection <i class="spip">La Vie des Saints</i>, nous nous sommes entourés de nombreux fidèles de la paroisse de Namur (petite ville en Belgique) qui ont bien voulu, bénévolement, apporter leur participation à la réalisation de ce premier DVD (musiques, voix, &#8230;). Merci à toutes les bonnes âmes qui ont, d’une manière ou d’une autre, fait avancer ce projet !</p>
<div align="center"><span class="spip_documents spip_documents_"><img loading="lazy" decoding="async" src="http://www.regnum-productions.com/IMG/jpg/autravail.jpg" alt="(JPG)" width="431" height="280" /></span></div>
<p>&nbsp;</p>
<div align="center">
<table>
<tbody>
<tr>
<td valign="top"><span style="color: #ff8888; font-family: Book Antiqua, Arial; font-size: x-large;"><b>Que signifie « Regnum » ?</b></span></td>
</tr>
<tr>
<td bgcolor="white">
<p class="spip">Ce mot signifie « Règne » en latin. Dans sa prière quotidienne, le Chrétien demande à Notre Seigneur : « Que votre Règne vienne ». Notre objectif est de développer des films assez accessible aux enfants, tout en les amusant, afin qu’ils réfléchissent à la religion et qu’ils désirent que Jésus règne dans leur cœur et sur la société. Nous espérons donc faire un travail apostolique avant toute chose. Nous souhaitons que nos productions, avec l’aide de Dieu, aillent totalement à contre-courant du libéralisme ambiant pour ne proposer qu’une seule voie : celle de Notre Seigneur.</p>
</td>
</tr>
</tbody>
</table>
</div>
<table>
<tbody>
<tr>
<td valign="top"><span style="color: #ff8888; font-family: Book Antiqua, Arial; font-size: x-large;"><b>D’où vient l’idée d’une maison de production de films Catholiques ?</b></span></td>
</tr>
<tr>
<td bgcolor="white">
<p class="spip">Après avoir entamé des études touchant à la production cinématographique (époque de conversion), nous avons fatalement réalisé que ce secteur était totalement haineux de la religion, tant au niveau des grandes que des petites productions (sauf exceptions rares mais bien souvent pour des intérêts commerciaux, et encore, la doctrine est systématiquement corrompue &#8230;). Bref, un revirement à 180° s’est opéré &#8230;</p>
<div align="center"><span class="spip_documents spip_documents_"><img loading="lazy" decoding="async" src="http://regnum-productions.com/IMG/jpg/sacre_coeur.jpg" alt="(JPG)" width="448" height="357" /></span></div>
<p class="spip">Le lancement de <i class="spip">REGNUM</i> est une réaction modeste contre tout le poison audiovisuel ambiant &#8230;</p>
<p class="spip">D’autre part, il ne reste plus beaucoup de productions chrétiennes accessibles pour nos charmantes têtes blondes &#8230;</p>
<p class="spip">Notre entreprise proposera dans son catalogue, au fil du temps, des produits respectant intégralement la Sainte Doctrine de la Foi. Si notre collection sur la <i class="spip">Vie des Saints</i> aura bel et bien une valeur historique, nous espérons avant tout travailler sur des produits voués à édifier les âmes.</p>
<p class="spip">In Christo,</p>
<p class="spip">Jean-Michel Irsch (Les Productions <i class="spip">Regnum</i>)</p>
</td>
</tr>
</tbody>
</table>

<p>La maison de production REGNUM a officiellement été lancée le 1er Février 2012. Un premier film d’animation a rapidement vu &hellip; </p>
<p><a href="https://regnum-productions.com/site/qui-sommes-nous/" class="more-link">Lire la suite</a></p>
